{"id":26025,"date":"2022-05-19T20:20:42","date_gmt":"2022-05-19T19:20:42","guid":{"rendered":"https:\/\/sd-tests.datanet-pt.net\/?post_type=product&#038;p=26025"},"modified":"2022-07-06T17:37:25","modified_gmt":"2022-07-06T16:37:25","slug":"bolsa-premium-presente-35x75x245cm-cor-premium-verde-agua","status":"publish","type":"product","link":"https:\/\/sd-tests.datanet-pt.net\/?product=bolsa-premium-presente-35x75x245cm-cor-premium-verde-agua","title":{"rendered":"Bolsa Premium Presente 35&#215;7,5&#215;24,5cm Cor Premium Verde \u00c1gua"},"content":{"rendered":"<p>Bolsa em bolha de ar a partir de 80% material reciclado.<\/p>\n<p>&nbsp;<\/p>\n<p>&nbsp;<\/p>\n","protected":false},"excerpt":{"rendered":"<p>Um produto de qualidade, merece uma embalagem de requinte!<\/p>\n<p>Bolsa Premium Presente\/Garrafa Triangular 32&#215;12.5&#215;15.5cm Cor Premium Ouro<\/p>\n<ul>\n<li>Anti-choque<\/li>\n<li>Resistente \u00e0 \u00e1gua<\/li>\n<li>Recicl\u00e1vel<\/li>\n<li>Lav\u00e1vel<\/li>\n<li>Personaliz\u00e1vel<\/li>\n<li>T\u00e9rmico<\/li>\n<\/ul>\n","protected":false},"featured_media":26027,"template":"","meta":[],"product_cat":[1255,1563,1027,1247],"product_tag":[1245],"yoast_head":"<!-- This site is optimized with the Yoast SEO plugin v20.0 - https:\/\/yoast.com\/wordpress\/plugins\/seo\/ -->\n<title>Bolsa Premium Presente 35x7,5x24,5cm Cor Premium Verde \u00c1gua - Embalsantos<\/title>\n<meta name=\"robots\" content=\"noindex, follow, max-snippet:-1, max-image-preview:large, max-video-preview:-1\" \/>\n<meta property=\"og:locale\" content=\"pt_PT\" \/>\n<meta property=\"og:type\" content=\"article\" \/>\n<meta property=\"og:title\" content=\"Bolsa Premium Presente 35x7,5x24,5cm Cor Premium Verde \u00c1gua - Embalsantos\" \/>\n<meta property=\"og:description\" content=\"Um produto de qualidade, merece uma embalagem de requinte!  Bolsa Premium Presente\/Garrafa Triangular 32x12.5x15.5cm Cor Premium Ouro   Anti-choque  Resistente \u00e0 \u00e1gua  Recicl\u00e1vel  Lav\u00e1vel  Personaliz\u00e1vel  T\u00e9rmico\" \/>\n<meta property=\"og:url\" content=\"https:\/\/sd-tests.datanet-pt.net\/produto\/bolsa-premium-presente-35x75x245cm-cor-premium-verde-agua\/\" \/>\n<meta property=\"og:site_name\" content=\"Embalsantos\" \/>\n<meta property=\"article:modified_time\" content=\"2022-07-06T16:37:25+00:00\" \/>\n<meta property=\"og:image\" content=\"https:\/\/sd-tests.datanet-pt.net\/wp-content\/uploads\/2022\/05\/3001004330.png\" \/>\n\t<meta property=\"og:image:width\" content=\"580\" \/>\n\t<meta property=\"og:image:height\" content=\"334\" \/>\n\t<meta property=\"og:image:type\" content=\"image\/png\" \/>\n<meta name=\"twitter:card\" content=\"summary_large_image\" \/>\n<script type=\"application\/ld+json\" class=\"yoast-schema-graph\">{\"@context\":\"https:\/\/schema.org\",\"@graph\":[{\"@type\":\"WebPage\",\"@id\":\"https:\/\/sd-tests.datanet-pt.net\/produto\/bolsa-premium-presente-35x75x245cm-cor-premium-verde-agua\/\",\"url\":\"https:\/\/sd-tests.datanet-pt.net\/produto\/bolsa-premium-presente-35x75x245cm-cor-premium-verde-agua\/\",\"name\":\"Bolsa Premium Presente 35x7,5x24,5cm Cor Premium Verde \u00c1gua - Embalsantos\",\"isPartOf\":{\"@id\":\"https:\/\/sd-tests.datanet-pt.net\/#website\"},\"datePublished\":\"2022-05-19T19:20:42+00:00\",\"dateModified\":\"2022-07-06T16:37:25+00:00\",\"breadcrumb\":{\"@id\":\"https:\/\/sd-tests.datanet-pt.net\/produto\/bolsa-premium-presente-35x75x245cm-cor-premium-verde-agua\/#breadcrumb\"},\"inLanguage\":\"pt-PT\",\"potentialAction\":[{\"@type\":\"ReadAction\",\"target\":[\"https:\/\/sd-tests.datanet-pt.net\/produto\/bolsa-premium-presente-35x75x245cm-cor-premium-verde-agua\/\"]}]},{\"@type\":\"BreadcrumbList\",\"@id\":\"https:\/\/sd-tests.datanet-pt.net\/produto\/bolsa-premium-presente-35x75x245cm-cor-premium-verde-agua\/#breadcrumb\",\"itemListElement\":[{\"@type\":\"ListItem\",\"position\":1,\"name\":\"In\u00edcio\",\"item\":\"https:\/\/sd-tests.datanet-pt.net\/\"},{\"@type\":\"ListItem\",\"position\":2,\"name\":\"Loja\",\"item\":\"https:\/\/sd-tests.datanet-pt.net\/?page_id=73\"},{\"@type\":\"ListItem\",\"position\":3,\"name\":\"Bolsa Premium Presente 35&#215;7,5&#215;24,5cm Cor Premium Verde \u00c1gua\"}]},{\"@type\":\"WebSite\",\"@id\":\"https:\/\/sd-tests.datanet-pt.net\/#website\",\"url\":\"https:\/\/sd-tests.datanet-pt.net\/\",\"name\":\"Embalsantos\",\"description\":\"Solu\u00e7\u00f5es de Embalagem\",\"potentialAction\":[{\"@type\":\"SearchAction\",\"target\":{\"@type\":\"EntryPoint\",\"urlTemplate\":\"https:\/\/sd-tests.datanet-pt.net\/?s={search_term_string}\"},\"query-input\":\"required name=search_term_string\"}],\"inLanguage\":\"pt-PT\"}]}<\/script>\n<!-- \/ Yoast SEO plugin. -->","yoast_head_json":{"title":"Bolsa Premium Presente 35x7,5x24,5cm Cor Premium Verde \u00c1gua - Embalsantos","robots":{"index":"noindex","follow":"follow","max-snippet":"max-snippet:-1","max-image-preview":"max-image-preview:large","max-video-preview":"max-video-preview:-1"},"og_locale":"pt_PT","og_type":"article","og_title":"Bolsa Premium Presente 35x7,5x24,5cm Cor Premium Verde \u00c1gua - Embalsantos","og_description":"Um produto de qualidade, merece uma embalagem de requinte!  Bolsa Premium Presente\/Garrafa Triangular 32x12.5x15.5cm Cor Premium Ouro   Anti-choque  Resistente \u00e0 \u00e1gua  Recicl\u00e1vel  Lav\u00e1vel  Personaliz\u00e1vel  T\u00e9rmico","og_url":"https:\/\/sd-tests.datanet-pt.net\/produto\/bolsa-premium-presente-35x75x245cm-cor-premium-verde-agua\/","og_site_name":"Embalsantos","article_modified_time":"2022-07-06T16:37:25+00:00","og_image":[{"width":580,"height":334,"url":"https:\/\/sd-tests.datanet-pt.net\/wp-content\/uploads\/2022\/05\/3001004330.png","type":"image\/png"}],"twitter_card":"summary_large_image","schema":{"@context":"https:\/\/schema.org","@graph":[{"@type":"WebPage","@id":"https:\/\/sd-tests.datanet-pt.net\/produto\/bolsa-premium-presente-35x75x245cm-cor-premium-verde-agua\/","url":"https:\/\/sd-tests.datanet-pt.net\/produto\/bolsa-premium-presente-35x75x245cm-cor-premium-verde-agua\/","name":"Bolsa Premium Presente 35x7,5x24,5cm Cor Premium Verde \u00c1gua - Embalsantos","isPartOf":{"@id":"https:\/\/sd-tests.datanet-pt.net\/#website"},"datePublished":"2022-05-19T19:20:42+00:00","dateModified":"2022-07-06T16:37:25+00:00","breadcrumb":{"@id":"https:\/\/sd-tests.datanet-pt.net\/produto\/bolsa-premium-presente-35x75x245cm-cor-premium-verde-agua\/#breadcrumb"},"inLanguage":"pt-PT","potentialAction":[{"@type":"ReadAction","target":["https:\/\/sd-tests.datanet-pt.net\/produto\/bolsa-premium-presente-35x75x245cm-cor-premium-verde-agua\/"]}]},{"@type":"BreadcrumbList","@id":"https:\/\/sd-tests.datanet-pt.net\/produto\/bolsa-premium-presente-35x75x245cm-cor-premium-verde-agua\/#breadcrumb","itemListElement":[{"@type":"ListItem","position":1,"name":"In\u00edcio","item":"https:\/\/sd-tests.datanet-pt.net\/"},{"@type":"ListItem","position":2,"name":"Loja","item":"https:\/\/sd-tests.datanet-pt.net\/?page_id=73"},{"@type":"ListItem","position":3,"name":"Bolsa Premium Presente 35&#215;7,5&#215;24,5cm Cor Premium Verde \u00c1gua"}]},{"@type":"WebSite","@id":"https:\/\/sd-tests.datanet-pt.net\/#website","url":"https:\/\/sd-tests.datanet-pt.net\/","name":"Embalsantos","description":"Solu\u00e7\u00f5es de Embalagem","potentialAction":[{"@type":"SearchAction","target":{"@type":"EntryPoint","urlTemplate":"https:\/\/sd-tests.datanet-pt.net\/?s={search_term_string}"},"query-input":"required name=search_term_string"}],"inLanguage":"pt-PT"}]}},"_links":{"self":[{"href":"https:\/\/sd-tests.datanet-pt.net\/index.php?rest_route=\/wp\/v2\/product\/26025"}],"collection":[{"href":"https:\/\/sd-tests.datanet-pt.net\/index.php?rest_route=\/wp\/v2\/product"}],"about":[{"href":"https:\/\/sd-tests.datanet-pt.net\/index.php?rest_route=\/wp\/v2\/types\/product"}],"wp:featuredmedia":[{"embeddable":true,"href":"https:\/\/sd-tests.datanet-pt.net\/index.php?rest_route=\/wp\/v2\/media\/26027"}],"wp:attachment":[{"href":"https:\/\/sd-tests.datanet-pt.net\/index.php?rest_route=%2Fwp%2Fv2%2Fmedia&parent=26025"}],"wp:term":[{"taxonomy":"product_cat","embeddable":true,"href":"https:\/\/sd-tests.datanet-pt.net\/index.php?rest_route=%2Fwp%2Fv2%2Fproduct_cat&post=26025"},{"taxonomy":"product_tag","embeddable":true,"href":"https:\/\/sd-tests.datanet-pt.net\/index.php?rest_route=%2Fwp%2Fv2%2Fproduct_tag&post=26025"}],"curies":[{"name":"wp","href":"https:\/\/api.w.org\/{rel}","templated":true}]}}